-2*h. Suppose -i + 905 = 2*s. Is s a composite number?
False
Suppose -2*y - 4*f = -812, 5*y - 1422 - 593 = 5*f. Suppose y = 3*n - 79. Is n a prime number?
False
Let w(l) = 982*l + 37. Is w(15) a composite number?
False
Let w = -22097 - -44206. Is w composite?
False
Let b = 6352 - 10411. Let c = 6952 + b. Is c composite?
True
Suppose 0*x = 6*x - 30. Let o = 4 - x. Is o*(1639 + -3)/(-4) a composite number?
False
Suppose 10*w - 7*w - 6 = 0. Is w + 60/(-28) + 5510/7 composite?
False
Suppose -66*i + 1906894 = -44*i. Is i a prime number?
True
Suppose -15*r + 18*r - 297825 = -3*h, -4*h + 397110 = -r. Is h a composite number?
False
Suppose -4*r + 2891 = -1009. Suppose -3*k + 5*i = 2*k - r, -2*k + 386 = -i. Is k a prime number?
True
Suppose -4*r = -5*y + 36, -r = -2*y - 6*r - 12. Suppose 0*x + 3*o = x - 356, 0 = 4*x + 2*o - 1354. Suppose y*b + x - 82 = 3*w, 5*b + 440 = 5*w. Is w composite?
True
Let p = 1125 - -2464. Is p a composite number?
True
Suppose -1371564 = -47*h + 2965643. Is h a composite number?
True
Let g(f) be the second derivative of 7*f**5/20 - f**4/12 + f**3/2 - f**2 + 4*f. Let r be g(2). Suppose -5*u + r = -39. Is u a composite number?
False
Suppose -4*m + 344 = g + 3*g, 2*g - 5*m - 193 = 0. Let w = -66 + g. Is w composite?
False
Let y(f) = -8*f**3 + f**2 + 3*f - 1. Let j be y(2). Let b(d) = d**2 + 36*d + 266. Let o be b(-24). Let n = o - j. Is n a prime number?
False
Let c(l) = 58*l**2 - 11*l - 5. Is c(-4) a composite number?
False
Let k(d) be the third derivative of 7*d**5/12 + 5*d**4/4 + 3*d**3/2 - 38*d**2. Is k(-14) prime?
True
Let m(j) = 146*j**2 - 2*j + 1. Suppose -2*q - 2*q - r = 123, -r + 37 = -q. Let k = 33 + q. Is m(k) composite?
True
Suppose 3*n - 9 = 6*n. Is 2225/(-8 - n)*-1 composite?
True
Let x = -10 - -13. Suppose -x*t - 8 - 6 = 4*r, 0 = r + 5. Let h(p) = 21*p**3 - p**2 - 1. Is h(t) prime?
True
Suppose b + 2*z = 102, -4*b = -8*z + 7*z - 399. Is 183660/b - (2/(-5) - 0) a composite number?
True
Let j(i) = i**3 + i**2 + 9779. Let t be j(0). Suppose 51*v + t = 58*v. Is v a prime number?
False
Let k(h) = -12*h**3 + 5*h**2 + h + 7. Let t(q) = 48*q**3 - 19*q**2 - 5*q - 29. Let u(s) = -9*k(s) - 2*t(s). Is u(3) a composite number?
True
Let h = 54 + -64. Let y(a) = 11*a**2 - 7*a + 21. Is y(h) a prime number?
False
Suppose -29436 = -9*g - 7449. Is g prime?
False
Suppose 0 = 2*u + 6, 3*u + 19 = 4*m - 2*u. Is (m - 4)*942/(-18) composite?
False
Let o(t) = t + 23. Let x be o(-14). Suppose x*c - 3316 = 5*c. Is c a prime number?
True
Let v(d) = 2*d + 2. Let q be v(-9). Let u(a) = -3*a**2 + a. Let z be u(-1). Is (z/q)/(1/892) a prime number?
True
Let i(l) = l**2 + 2. Let k be i(3). Let u(x) = -12 - 221*x + 37*x + k. Is u(-1) a composite number?
True
Let f(y) = y**2 - 3*y - 1. Let l be f(4). Suppose 7*a = l*a + 32. Let x(b) = b**3 - 6*b**2 - 7*b + 7. Is x(a) prime?
True
Let b = 12034 + -6563. Is b composite?
False
Suppose 4*u + 12 = 0, 3 = q - u - 2. Let o(p) = -3*p + 3*p**2 + 91 - 2*p**q + 2*p + 2*p. Is o(0) composite?
True
Suppose -2*t = 2, c - 2*t - 4401 = 3*t. Suppose 2*s - 6*s = -c. Is s prime?
False
Let j(c) = -7*c**3 - 4*c**2 + c + 4. Let u be j(-4). Let p = -341 - u. Let w = -246 - p. Is w a composite number?
False
Suppose -80 = 4*r + r. Let x be (-10)/4*r/20. Is 1/(x/244) - 1 a prime number?
False
Suppose 0 = -7*p + 26507 + 21114. Is p composite?
False
Let s be (-3)/(-1) - (1 + -4615 + -1). Suppose h = -975 + s. Is h composite?
False
Suppose -5*z = -5*p - 7*z + 23051, -13830 = -3*p - z. Is p composite?
True
Suppose -6*h - 16*h + 12892 = 0. Is h prime?
False
Let n(p) = -59*p + 1. Suppose -3 = -6*r - 21. Is n(r) prime?
False
Let s(y) = -7*y. Let w be s(2). Let h = w - -19. Let n(f) = 18*f - 1. Is n(h) composite?
False
Let w(m) = -37*m**3 - 2*m**2 - 13*m - 25. Is w(-7) a composite number?
False
Suppose 0 = 4*o - 0*o - 60. Let s = o + 7. Suppose -r = -s - 1. Is r composite?
False
Suppose 6 - 9 = -3*z. Is 2/4 + z + (-76089)/(-78) composite?
False
Suppose k = -5*h + 5, 2*k + 1 + 1 = 2*h. Is ((-104)/(-12))/(h/24) + 3 a composite number?
False
Suppose -5*c - 25167 = -2*t, -t + 2*c + 12546 = 7*c. Is t composite?
True
Suppose 41981 = 12*f - 153547. Is f composite?
True
Suppose 0 = 4*f - 4*r - 12, 3*r - 7*r - 14 = -5*f. Suppose -f*x = -4*x + 1270. Is x prime?
False
Suppose 4*a + 3*y = y + 34, -9 = -4*a + 3*y. Suppose o + a = 7*o. Is 489*-1*o/(-3) composite?
False
Let z(q) = 2014*q - 307. Is z(6) prime?
True
Let y be (-100)/(-6) - ((-32)/6 - -5). Suppose -14*m - 2787 = -y*m. Is m composite?
False
Is (-4 + (-45)/(-10))*1*137266 a prime number?
True
Suppose -5*y - 3*w + 133193 = -87248, -2*w = 3*y - 132265. Is y a prime number?
True
Let g be ((-4)/(-8))/(2/16). Suppose 5*o - 4549 = -g*r, -r - 2*r - 3*o + 3414 = 0. Is r a prime number?
False
Suppose -7*j - 441 = -5096. Let l = j + -246. Is l a prime number?
True
Let v(l) = -l**3 - 11*l**2 + 3. Let q be v(-11). Is (q - 3) + 1 + 3 a prime number?
False
Is 12/(-8)*(-13)/(117/194118) prime?
True
Suppose -1078 = -3*y - 5*x, -4*x + 540 = -4*y + 1956. Let b = y - 238. Is b composite?
True
Suppose -58 - 4 = 2*i. Let g = i + 31. Suppose -2*p + 5*j + 1047 = g, 5*p - 2*j - 1079 = 1528. Is p a prime number?
True
Let o = 156 + 19. Let i = o - 371. Is 4/(i/(-188) + -1) a prime number?
False
Suppose -7*b + 3*b = -20. Suppose -i = -5*t + 12, -2*i = 5*t + b - 26. Suppose -2*a + t*p + 514 = 0, -p + 257 = 2*a - a. Is a composite?
False
Let x = 20 - 29. Let j(b) = -3*b**3 + 13*b**2 - b + 22. Is j(x) prime?
True
Let h be (-129722)/(-8) + 27/36. Suppose h = 6*o - 2*o. Is o a prime number?
False
Suppose -2*y = a - 381 - 43, -5*a + 203 = y. Suppose -2*q + 76 = u + 2*u, q = 4*u - 116. Suppose -y + u = -c. Is c a composite number?
True
Suppose 0*d = 4*u + 4*d + 40, -4*d + 48 = -4*u. Let t = u - -5. Let c(q) = q**2 + 2*q + 9. Is c(t) a prime number?
False
Let p = 16 - 16. Suppose p = -4*v + v + 717. Is v prime?
True
Is (2/(-12)*2)/(9/(-184221)) composite?
False
Suppose -z = 3*t - 3893, -z - z = 2. Suppose 304 - t = -i. Suppose 16*r = 18*r - i. Is r a composite number?
True
Suppose 6*u - 15340 - 12158 = 0. Is u a composite number?
False
Let u = 30 + -28. Suppose 0 = 2*m + u*m - 1012. Is m composite?
True
Let x(v) = 8660*v**3 - v**2 + 5*v - 5. Is x(1) prime?
False
Suppose 5*m = 2*b + 1, -3*m + 3 = -4*b + 8. Suppose 2*n = 3*s + 41, -3*s = -3*n + b*s + 62. Is n a composite number?
False
Suppose -34*q - 497 = -35*q. Suppose -5*u = -3*t + 738, 714 = 3*t - 3*u + 6*u. Suppose -4*w + v = -q, -2*w - v = -0*v - t. Is w a prime number?
False
Is (-1*3)/((-3)/7041) a composite number?
True
Suppose 3*g - 14029 = -3016. Is g a prime number?
True
Let q = 20081 - 7642. Is q prime?
False
Let x be -48154*1/(-4) - 3/6. Let o = 17001 - x. Is o composite?
True
Suppose 11*d = 5*d + 90. Suppose -21*i + 522 = -d*i. Is i prime?
False
Let l(n) = 379*n**3 + n**2 - n. Suppose -2*d - 5 = -4*d + 3*q, -4*d = -4*q - 8. Is l(d) a prime number?
True
Suppose -3*z - 6*z = -42669. Is z a prime number?
False
Suppose -3*q - 2*q = 0. Suppose 4*s + q*v = -3*v + 400, 4*s - 5*v = 432. Is s a prime number?
True
Suppose 6*w - 10 = w, p + 4*w - 52 = 0. Is (2 + 2)/(-4) + p a composite number?
False
Suppose -8 = 2*z - 22. Let n(c) = c - 3. Let v be n(z). Is 8253/14*v/6 composite?
True
Let o = 32 + -28. Let z(n) = 239*n**2 - 8*n - 5. Is z(o) prime?
False
Let w = 9831 + -5654. Is w composite?
False
Suppose -b + 10813 = -4*c, 0*c - 4*c = 2*b - 21590. Is b a prime number?
False
Let v = 50 - -474. Let z(r) = 63*r + 1. Let t be z(-2). Let a = v - t. Is a composite?
True
Let c(d) be the first derivative of 31*d**3/3 - d**2 - d - 14. Is c(2) a composite number?
True
Let p(g) = -g**3 + 3*g + 1. Let x be p(-2). Suppose 5*r - x*l = 4430, -3*l = 2*r - r - 904. Is r prime?
False
Is 8/64*(-2 - -65500)*4 prime?
True
Let h(o) be the second derivative of -29*o**3/6 + 11*o**2 - 11*o. Is h(-8) a prime number?
False
Let l(n) = n**3 + 20*n**2 + 18*n - 27. Let r be l(-19). Is ((-2)/1)/(r/1172) a prime number?
True
Let y(m) be the third derivative of -m**6/120 - m**4/24 + 1175*m**3/6 + 2*m**2. Let b be y(0). Suppose 0 = -10*s + 5*s + b. Is s composite?
True
Suppose -5*y - n = 4*n + 55, 3*y + 41 = n. Let c = y - -17. Suppose 3*f + 10 = c*f. Is f prime?
False
Suppose 0 = -0*z - 5*z + 12280. 